{"id":22517,"date":"2024-04-27T10:51:05","date_gmt":"2024-04-27T13:51:05","guid":{"rendered":"https:\/\/www.kaspersky.com.br\/blog\/?page_id=22517"},"modified":"2025-10-10T08:23:23","modified_gmt":"2025-10-10T11:23:23","slug":"cybersecurity-alphabet","status":"publish","type":"page","link":"https:\/\/www.kaspersky.com.br\/blog\/cybersecurity-alphabet\/","title":{"rendered":"Alfabeto da ciberseguran\u00e7a"},"content":{"rendered":"<link rel=\"stylesheet\" href=\"https:\/\/media.kasperskydaily.com\/wp-content\/uploads\/sites\/94\/2025\/10\/10081205\/cybersecurity-alphabet-styles.css\">\n<div class=\"container loading\">\n<h1>Alfabeto da ciberseguran\u00e7a <\/h1>\n<div class=\"c-article__intro\">\n<p>Este alfabeto de ciberseguran\u00e7a \u00e9 um livro divertido e informativo que ensina as crian\u00e7as a reconhecer os truques dos fraudadores e aprender a import\u00e2ncia de se manter seguro online.<\/p>\n<\/div>\n<p><img decoding=\"async\" class=\"featured-image\" src=\"https:\/\/media.kasperskydaily.com\/wp-content\/uploads\/sites\/94\/2024\/04\/27102949\/PT-BR-cybersecurity-alphabet-featured.jpg\"><\/p>\n<div class=\"intro\">\n<p>Caro amigo, <\/p>\n<p>Voc\u00ea tem em m\u00e3os o alfabeto de Ciberseguran\u00e7a da Kaspersky. Voc\u00ea j\u00e1 se deparou com o termo \u201cseguran\u00e7a cibern\u00e9tica\u201d antes? A ciberseguran\u00e7a nos auxilia a utilizar tecnologias modernas \u2014 seja um smartphone ou um computador \u2014 com seguran\u00e7a e a explorar o mundo on-line se preocupando menos com poss\u00edveis amea\u00e7as. <\/p>\n<p>O mundo digital \u00e9 enorme. Hoje em dia voc\u00ea pode fazer muitas coisas on-line: viajar sem sair de casa ou estudar l\u00ednguas estrangeiras conversando com pessoas nativas, por exemplo. E, claro, voc\u00ea pode jogar games, n\u00e3o apenas com seus colegas, mas tamb\u00e9m com amigos; mesmo com quem est\u00e1 longe! <\/p>\n<p>Mas, junto com as infinitas oportunidades, existem perigos na internet, assim como na vida real. Portanto, voc\u00ea deve estar sempre alerta. A\u00e7\u00f5es descuidadas on-line e a neglig\u00eancia das regras de higiene cibern\u00e9tica podem levar a consequ\u00eancias graves: voc\u00ea pode infectar seu tablet ou smartphone com malware, expondo informa\u00e7\u00f5es importantes a cibercriminosos ou pessoas podem roubar seus pr\u00eamios e progressos dos seus jogos online favoritos. <\/p>\n<p>Neste livro, voc\u00ea conhecer\u00e1 novas tecnologias, aprender\u00e1 as principais regras de higiene cibern\u00e9tica, descobrir\u00e1 como evitar amea\u00e7as on-line e reconhecer\u00e1 os truques dos fraudadores. Para garantir que sua jornada on-line seja emocionante e livre de experi\u00eancias ruins, estude este livro de A a Z<\/p>\n<div class=\"intro_buttons\">\n      <a class=\"intro_button intro_button__poster\" href=\"https:\/\/media.kasperskydaily.com\/wp-content\/uploads\/sites\/94\/2024\/04\/27103538\/Alfabeto-da-ciberseguranca-da-Kaspersky-1.pdf?1&amp;reseller=gl_cyberalphabet_sp_ona_smm__onl_b2c_blo_lnk_______&amp;utm_source=CyberAlphabet&amp;utm_medium=sm-project&amp;utm_campaign=gl_CyberAlphabet_ma0250&amp;utm_content=link&amp;utm_term=gl_CyberAlphabet_organic_tddv6gefgkj250u\" target=\"_blank\" title=\"Download Alfabeto da ciberseguran\u00e7a \" rel=\"noopener\"><img decoding=\"async\" src=\"https:\/\/media.kasperskydaily.com\/wp-content\/uploads\/sites\/92\/2024\/01\/07171005\/cybersecurity-alphabet-book-download.jpg\"> Alfabeto da ciberseguran\u00e7a <\/a>\n    <\/div>\n<\/div>\n<div class=\"grid\"><\/div>\n<\/div>\n<div class=\"modal\" data-index=\"%index\">\n<div class=\"modal-container\">\n<div class=\"modal-content\">\n<div class=\"modal-image\">\n        <img decoding=\"async\" src=\"\" alt=\"\">\n      <\/div>\n<div class=\"modal-text\">\n<div class=\"modal-text-container\">\n<h2 class=\"modal-heading\"><\/h2>\n<div class=\"modal-description\"><\/div>\n<div class=\"modal-tips\"><\/div>\n<\/div>\n<\/div>\n<\/div>\n<\/div>\n<\/div>\n<p><script async=\"\" defer src=\"https:\/\/media.kasperskydaily.com\/wp-content\/uploads\/sites\/94\/2025\/10\/10081747\/cybersecurity-alphabet-terms-br.js\"><\/script><br>\n<script async=\"\" defer src=\"https:\/\/media.kasperskydaily.com\/wp-content\/uploads\/sites\/94\/2025\/10\/10081213\/cybersecurity-alphabet-script.js\"><\/script><\/p>\n","protected":false},"excerpt":{"rendered":"<p>Alfabeto da ciberseguran\u00e7a Este alfabeto de ciberseguran\u00e7a \u00e9 um livro divertido e informativo que ensina as crian\u00e7as a reconhecer os truques dos fraudadores e aprender a import\u00e2ncia de se manter<\/p>\n","protected":false},"author":2706,"featured_media":22555,"parent":0,"menu_order":0,"comment_status":"closed","ping_status":"closed","template":"templates\/legacy-page.php","meta":{"_acf_changed":false,"footnotes":""},"categories":[],"class_list":["post-22517","page","type-page","status-publish","has-post-thumbnail"],"hreflang":[{"hreflang":"pt-br","url":"https:\/\/www.kaspersky.com.br\/blog\/cybersecurity-alphabet\/"},{"hreflang":"es-mx","url":"https:\/\/latam.kaspersky.com\/blog\/cybersecurity-alphabet\/"},{"hreflang":"es","url":"https:\/\/www.kaspersky.es\/blog\/cybersecurity-alphabet\/"},{"hreflang":"it","url":"https:\/\/www.kaspersky.it\/blog\/cybersecurity-alphabet\/"},{"hreflang":"ru","url":"https:\/\/www.kaspersky.ru\/blog\/cybersecurity-alphabet\/"},{"hreflang":"x-default","url":"https:\/\/www.kaspersky.com\/blog\/cybersecurity-alphabet\/"},{"hreflang":"fr","url":"https:\/\/www.kaspersky.fr\/blog\/cybersecurity-alphabet\/"},{"hreflang":"de","url":"https:\/\/www.kaspersky.de\/blog\/cybersecurity-alphabet\/"},{"hreflang":"ja","url":"https:\/\/blog.kaspersky.co.jp\/cybersecurity-alphabet\/"},{"hreflang":"nl","url":"https:\/\/www.kaspersky.nl\/blog\/cybersecurity-alphabet\/"},{"hreflang":"ru-kz","url":"https:\/\/blog.kaspersky.kz\/cybersecurity-alphabet\/"}],"acf":[],"banners":"","is_landing":true,"_links":{"self":[{"href":"https:\/\/www.kaspersky.com.br\/blog\/wp-json\/wp\/v2\/pages\/22517","targetHints":{"allow":["GET"]}}],"collection":[{"href":"https:\/\/www.kaspersky.com.br\/blog\/wp-json\/wp\/v2\/pages"}],"about":[{"href":"https:\/\/www.kaspersky.com.br\/blog\/wp-json\/wp\/v2\/types\/page"}],"author":[{"embeddable":true,"href":"https:\/\/www.kaspersky.com.br\/blog\/wp-json\/wp\/v2\/users\/2706"}],"replies":[{"embeddable":true,"href":"https:\/\/www.kaspersky.com.br\/blog\/wp-json\/wp\/v2\/comments?post=22517"}],"version-history":[{"count":5,"href":"https:\/\/www.kaspersky.com.br\/blog\/wp-json\/wp\/v2\/pages\/22517\/revisions"}],"predecessor-version":[{"id":24357,"href":"https:\/\/www.kaspersky.com.br\/blog\/wp-json\/wp\/v2\/pages\/22517\/revisions\/24357"}],"wp:featuredmedia":[{"embeddable":true,"href":"https:\/\/www.kaspersky.com.br\/blog\/wp-json\/wp\/v2\/media\/22555"}],"wp:attachment":[{"href":"https:\/\/www.kaspersky.com.br\/blog\/wp-json\/wp\/v2\/media?parent=22517"}],"wp:term":[{"taxonomy":"category","embeddable":true,"href":"https:\/\/www.kaspersky.com.br\/blog\/wp-json\/wp\/v2\/categories?post=22517"}],"curies":[{"name":"wp","href":"https:\/\/api.w.org\/{rel}","templated":true}]}}