{"id":6618,"date":"2016-10-10T13:31:47","date_gmt":"2016-10-10T10:31:47","guid":{"rendered":"https:\/\/kasperskydaily.com\/brazil\/?page_id=6618"},"modified":"2022-05-05T12:59:32","modified_gmt":"2022-05-05T15:59:32","slug":"preferences","status":"publish","type":"page","link":"https:\/\/www.kaspersky.com.br\/blog\/preferences\/","title":{"rendered":"Configura\u00e7\u00f5es"},"content":{"rendered":"<p>Suas informa\u00e7\u00f5es pessoais foram atualizadas.<\/p>\n","protected":false},"excerpt":{"rendered":"<p>Suas informa\u00e7\u00f5es pessoais foram atualizadas.<\/p>\n","protected":false},"author":2706,"featured_media":0,"parent":0,"menu_order":0,"comment_status":"closed","ping_status":"closed","template":"","meta":{"_acf_changed":false,"footnotes":""},"categories":[],"class_list":["post-6618","page","type-page","status-publish"],"hreflang":[{"hreflang":"pt-br","url":"https:\/\/www.kaspersky.com.br\/blog\/preferences\/"},{"hreflang":"en-in","url":"https:\/\/www.kaspersky.co.in\/blog\/preferences\/"},{"hreflang":"en-ae","url":"https:\/\/me-en.kaspersky.com\/blog\/preferences\/"},{"hreflang":"ar","url":"https:\/\/me.kaspersky.com\/blog\/preferences\/"},{"hreflang":"en-us","url":"https:\/\/usa.kaspersky.com\/blog\/preferences\/"},{"hreflang":"en-gb","url":"https:\/\/www.kaspersky.co.uk\/blog\/preferences\/"},{"hreflang":"es-mx","url":"https:\/\/latam.kaspersky.com\/blog\/preferences\/"},{"hreflang":"es","url":"https:\/\/www.kaspersky.es\/blog\/preferences\/"},{"hreflang":"it","url":"https:\/\/www.kaspersky.it\/blog\/preferences\/"},{"hreflang":"ru","url":"https:\/\/www.kaspersky.ru\/blog\/preferences\/"},{"hreflang":"tr","url":"https:\/\/www.kaspersky.com.tr\/blog\/preferences\/"},{"hreflang":"x-default","url":"https:\/\/www.kaspersky.com\/blog\/preferences\/"},{"hreflang":"fr","url":"https:\/\/www.kaspersky.fr\/blog\/preferences\/"},{"hreflang":"pl","url":"https:\/\/plblog.kaspersky.com\/preferences\/"},{"hreflang":"de","url":"https:\/\/www.kaspersky.de\/blog\/preferences\/"},{"hreflang":"zh","url":"https:\/\/www.kaspersky.com.cn\/blog\/preferences\/"},{"hreflang":"ja","url":"https:\/\/blog.kaspersky.co.jp\/preferences\/"},{"hreflang":"nl","url":"https:\/\/www.kaspersky.nl\/blog\/preferences\/"},{"hreflang":"ru-kz","url":"https:\/\/blog.kaspersky.kz\/preferences\/"},{"hreflang":"en-au","url":"https:\/\/www.kaspersky.com.au\/blog\/preferences\/"},{"hreflang":"en-za","url":"https:\/\/www.kaspersky.co.za\/blog\/preferences\/"}],"acf":[],"banners":"","is_landing":false,"_links":{"self":[{"href":"https:\/\/www.kaspersky.com.br\/blog\/wp-json\/wp\/v2\/pages\/6618","targetHints":{"allow":["GET"]}}],"collection":[{"href":"https:\/\/www.kaspersky.com.br\/blog\/wp-json\/wp\/v2\/pages"}],"about":[{"href":"https:\/\/www.kaspersky.com.br\/blog\/wp-json\/wp\/v2\/types\/page"}],"author":[{"embeddable":true,"href":"https:\/\/www.kaspersky.com.br\/blog\/wp-json\/wp\/v2\/users\/2706"}],"replies":[{"embeddable":true,"href":"https:\/\/www.kaspersky.com.br\/blog\/wp-json\/wp\/v2\/comments?post=6618"}],"version-history":[{"count":3,"href":"https:\/\/www.kaspersky.com.br\/blog\/wp-json\/wp\/v2\/pages\/6618\/revisions"}],"predecessor-version":[{"id":15552,"href":"https:\/\/www.kaspersky.com.br\/blog\/wp-json\/wp\/v2\/pages\/6618\/revisions\/15552"}],"wp:attachment":[{"href":"https:\/\/www.kaspersky.com.br\/blog\/wp-json\/wp\/v2\/media?parent=6618"}],"wp:term":[{"taxonomy":"category","embeddable":true,"href":"https:\/\/www.kaspersky.com.br\/blog\/wp-json\/wp\/v2\/categories?post=6618"}],"curies":[{"name":"wp","href":"https:\/\/api.w.org\/{rel}","templated":true}]}}